 -4*g = -5*s + 172. List the prime factors of s.
2, 3
Suppose 5*g = -c + 23, -2*g - 3*c = -5*g + 3. Suppose 0 = 2*j + 2 + 6, g*j = 5*s - 566. What are the prime factors of s?
2, 5, 11
Suppose 2*p + 2*p + 2*t = 1400, -p + 368 = 5*t. What are the prime factors of p?
2, 3, 29
Suppose 3511 = 6*w - 5*w + c, 5*w - c - 17531 = 0. List the prime factors of w.
3, 7, 167
Let b(t) = 111*t**3 - t**2 + 4*t - 3. Let k be (-1)/9 - 30/(-27). List the prime factors of b(k).
3, 37
Let x be -67*(14 + -4)/(-2). Suppose 34*j = 29*j + x. What are the prime factors of j?
67
Suppose -47*g = -42*g + 5*z - 4015, 0 = 4*g - z - 3227. List the prime factors of g.
2, 13, 31
Suppose -f + 2*x = 5*x + 7, -7 = -2*f + x. Suppose -q = -f*q - 3*p - 8, 4*q - p = -6. List the prime factors of 1 + q/(4/(-106)).
2, 3
Suppose 10*o - 139 = -19. Let i(n) = -n**3 + 10*n**2 + 31*n - 23. What are the prime factors of i(o)?
61
Let z(s) = 6*s + 3. Let w be z(2). Let m(l) = -l**3 + 15*l**2 - 15. Let y be m(w). Let t = y + 19. What are the prime factors of t?
2
Suppose 7 = 2*h + 15. Let z = h + 30. Suppose 3 - z = -a. What are the prime factors of a?
23
Suppose -8328 = -27*a + 51045. List the prime factors of a.
3, 733
What are the prime factors of 19328/28 - 2/7?
2, 3, 5, 23
Let m(j) = -1 + 8*j - 1 + 4*j - 10*j. Let v(y) = -y. Let s be v(-3). List the prime factors of m(s).
2
Let b = -178 - -282. List the prime factors of b.
2, 13
Suppose -5*n + 7*b + 195 = 3*b, -4*b + 156 = 4*n. Let p = n + -69. List the prime factors of (2 - 1)*(-2 - p).
2, 7
Let c(h) = 35*h - 51. Let d(s) = -17*s + 25. Let x(u) = 3*c(u) + 7*d(u). Let j(r) = 7*r - 11. Let w(f) = 5*j(f) + 2*x(f). What are the prime factors of w(6)?
31
List the prime factors of (-3)/(3/2)*(-1446)/12.
241
Let m(f) = -12*f**3 + 9*f**2 + 8*f + 58. What are the prime factors of m(-5)?
3, 7, 83
Suppose -4*v + 5*j = 8, 4 + 0 = -2*v - j. Let w be (-44 - 13)*v/(-6). What are the prime factors of (1 - (2 + 0))*w?
19
List the prime factors of (4928/60 - -8) + (-4)/30.
2, 3, 5
Let h(t) = 2*t**3 - 111*t**2 + 65*t + 89. List the prime factors of h(55).
3, 71
What are the prime factors of (10/8)/(3 - (-1403)/(-468))?
3, 5, 13
Let c be 3/((-6)/28) + 1. Let i = -10 - c. Suppose 0 = i*l, l + 98 = -4*m + 290. List the prime factors of m.
2, 3
Let n(r) = -r**2 - 6*r + 5. Suppose -4*s - 1 = 3. Let z be (3 - 6) + 3*s. What are the prime factors of n(z)?
5
Let p be 4 + (-2 - -3) + -2. Suppose 59 = p*k - 34. List the prime factors of k.
31
Let r = -590 - -1265. Suppose 6*g = g + r. List the prime factors of g.
3, 5
Let n be (4/12)/((-2)/(-12)). Suppose 4*y + 2*h - 7*h + 26 = 0, n*h = -y. List the prime factors of 17 + (y - (-3 - -1)).
3, 5
Suppose -1 = -2*w - 3. Let m be 1/3*(17 - w). What are the prime factors of 77/2 + (-9)/m?
37
Suppose 0 = -d - d - 2. Let z(x) = 2*x**2 - 8*x - 4. Let r be z(6). List the prime factors of d/(r/8)*-35.
2, 7
Let z be 6 + (2 - (-4)/(-2)). What are the prime factors of (-13)/39 - 1*(-428)/z?
71
Let l = 40 + -35. Suppose 0 = -l*j + 8*j - 528. Let u = -122 + j. What are the prime factors of u?
2, 3
Let a(t) = 18*t - 77. Let k be a(24). Suppose -377 = -4*z + k. What are the prime factors of z?
3, 61
Let b be (-3 + -27)*(-6)/(-5). What are the prime factors of 8/b - (-418)/18?
23
Suppose -k - 8 = k - 2*g, 0 = -k - 2*g + 5. Let n be 7 + k/((-1)/(-3)). Suppose -4*d = 3*a - 7*a + 80, -n*d = a - 45. What are the prime factors of a?
5
Let v be -2*((-11)/2 + 1). Let x = v - -109. List the prime factors of x.
2, 59
Let x(z) = 25*z**3 + 5*z**2 - 8*z + 46. List the prime factors of x(4).
2, 7, 11
Suppose -5*k - f - 13 = 3*f, 0 = -4*k + 4*f - 32. Let j = 3 - k. What are the prime factors of j?
2
Let g(b) be the first derivative of -b**2 + 53*b + 8. List the prime factors of g(0).
53
Suppose -15*n - 107 = -16*n. What are the prime factors of n?
107
Let b(c) = c**2 + 4*c - 3. Suppose -45 = 12*v - 3*v. What are the prime factors of b(v)?
2
Let c be (24/(-5) - -5)*5. Suppose m = 114 - c. What are the prime factors of m?
113
Let o = 108 - 100. Suppose 37 = l - z + o, 38 = l + 2*z. List the prime factors of l.
2
List the prime factors of (-22)/110 - 9126/(-5).
5, 73
Let w(b) = 5*b - 5. Let a be w(2). Suppose a*c = -15, -5*c = 2*u - u - 32. Suppose 5*v = u + 118. What are the prime factors of v?
3, 11
Let h(q) = -33*q + 2. Let i be h(1). Let d = 35 + i. What are the prime factors of d?
2
Let v be 569*2 - (11 + -8). Suppose -5*j = 4*l - v, -2*j - l = -3*j + 227. List the prime factors of j.
227
Let n = 1541 - 571. List the prime factors of n.
2, 5, 97
Suppose 3*s + 6 - 12 = 0. Let b(x) = -x**3 - 5*x**2 - 2*x + 2. Let t be b(-4). List the prime factors of 3 - t - (0 - s).
11
Let k(a) = -10*a + 33 - 7 - a + 9*a. What are the prime factors of k(-12)?
2, 5
List the prime factors of (1/3*1)/((-10)/(-6870)).
229
Suppose 29*f + 10152 = 32*f. List the prime factors of f.
2, 3, 47
What are the prime factors of (77/14 + -5)/((-2)/(-1704))?
2, 3, 71
Let o(r) = -31*r + 11. Let k(v) = -16*v + 6. Let y(f) = -11*k(f) + 6*o(f). Let t(i) = i**3 + 5*i**2 - i - 7. Let s be t(-5). What are the prime factors of y(s)?
2, 5
Let i be (-2261)/95 - 2/10. Let a be (i - (-16)/4)*-4. Suppose a - 11 = 3*z. What are the prime factors of z?
23
List the prime factors of (-6)/18*(-5210 + 8).
2, 3, 17
Let u = -1655 - -3148. What are the prime factors of u?
1493
List the prime factors of 46/(-69)*(-9)/(-6)*-83.
83
Let t = 3504 + -1438. List the prime factors of t.
2, 1033
Suppose 47*t - 29000 = 18*t. What are the prime factors of t?
2, 5
Let s = -139 + 236. Let y = 162 - s. What are the prime factors of y?
5, 13
Suppose 3*q = 3*t + 2268, 0 = -4*t - 5 - 7. List the prime factors of (-5 - -4)*q/(-3).
251
Let i(f) = 61*f + 54. What are the prime factors of i(3)?
3, 79
Let b = 15 - 13. Suppose -5*z + d = -621, 0*d + 246 = 2*z + b*d. List the prime factors of z.
2, 31
Let o = -7 - -10. Let h(t) = 5*t**2 - 3*t - 3. What are the prime factors of h(o)?
3, 11
List the prime factors of (1034/141)/((-2)/(-372)).
2, 11, 31
Let v = 3116 + -1631. What are the prime factors of v?
3, 5, 11
Let c(j) = j + 1. Let h be c(-5). Let m(z) = z**3 + 5*z**2 - 2*z + 3. Let n be m(h). Let r = n - 13. What are the prime factors of r?
2, 7
Suppose 885*i + 265 = 886*i. What are the prime factors of i?
5, 53
Suppose 0 = 3*x - 3*s - 891, 3*s + 1483 = -20*x + 25*x. What are the prime factors of x?
2, 37
Let s(u) = -2*u**2 + 37*u - 45. Let h be s(25). Let x = -207 - h. What are the prime factors of x?
163
Let k(p) = -p + 34. Suppose c + 3*z + 2 = -7, 2*z = 2*c - 6. Let o be k(c). Suppose o = 3*x - 50. List the prime factors of x.
2, 7
Let m be (-2)/((2/8)/(-1)). Suppose -8 = -4*q + m. Suppose -l - 1 = q*u, -5*u - 4 = 4*l - 11. What are the prime factors of l?
3
Suppose -3*u = 4*n - 1232, 5*n - u - 1575 = 4*u. List the prime factors of n.
311
List the prime factors of 555 - (58/10 - (-4)/(-5)).
2, 5, 11
Let a be (-12)/3 - -1*67. Let k be (3 + -4)/(3/a). Let p = -19 - k. What are the prime factors of p?
2
Let q be (-10)/(-4)*(-514)/(-5). Suppose -x - q = -4*f, 3*x + 3 = 4*f - 248. What are the prime factors of f?
5, 13
Let z(x) = x + 2. Let q be z(5). Let d(a) = -6*a + 7*a**3 - 2*a**2 + q*a - 4*a + 3. What are the prime factors of d(2)?
3, 5
Suppose -2*k - 487 = -5*a, -2*a + k + 190 = -k. Let b = a - 33. List the prime factors of b.
2, 3, 11
Suppose -115 = -8*l + 3*l. Let t = 27 - l. Suppose 3*f - 264 = -4*q, -272 = -0*q - t*q - f. List the prime factors of q.
3, 23
Let r be 7/2 + (-4)/(-8). Suppose 5*g - 3*z = 22 + 507, -r*z = -4*g + 428. Suppose 0 = 10*h - 6*h - g. List the prime factors of h.
2, 13
Suppose 2*z + 3*o - 5*o = 9898, -3*o = -z + 4953. What are the prime factors of z?
3, 17, 97
Let r(w) = 2*w**3 + 31*w**2 - 15*w + 20. Let u be r(-16). Suppose -u*v - 2*v + 600 = 0. List the prime factors of v.
2, 5
Suppose -3*y + 65 = x - 136, 4*y + 4*x = 276. Let b(d) = -6*d + 6. Let u be b(6). Let a = u + y. What are the prime factors of a?
2, 3
Let z = 24 - -173. What are the prime factors of z?
197
Let m = -7236 - -10446. What are the prime factors of m?
2, 3, 5, 107
Let m(i) = -2*i**3 + 7*i**2 + 4*i + 30. List the prime factors of m(-9).
3, 673
Suppose -7*a + 0*a + 63 = 0. List the prime factors of (24/(-2))/((-5)/(390/